{"id":837,"date":"2025-03-26T18:19:20","date_gmt":"2025-03-26T21:19:20","guid":{"rendered":"https:\/\/www.brisanet.com.br\/ofertas-especiais\/?page_id=837"},"modified":"2026-02-25T16:25:04","modified_gmt":"2026-02-25T19:25:04","slug":"5g-solo-30gb-pago-25","status":"publish","type":"page","link":"https:\/\/www.brisanet.com.br\/ofertas-especiais\/5g-solo-30gb-pago-25\/","title":{"rendered":"5G Solo Pago Janeiro 30GB"},"content":{"rendered":"\t\t<div data-elementor-type=\"wp-page\" data-elementor-id=\"837\" class=\"elementor elementor-837\" data-elementor-post-type=\"page\">\n\t\t\t\t<div class=\"elementor-element elementor-element-0274eb7 e-flex e-con-boxed wpr-particle-no wpr-jarallax-no wpr-parallax-no wpr-sticky-section-no e-con e-parent\" data-id=\"0274eb7\" data-element_type=\"container\" data-settings=\"{&quot;background_background&quot;:&quot;classic&quot;}\">\n\t\t\t\t\t<div class=\"e-con-inner\">\n\t\t<div class=\"elementor-element elementor-element-2d35344 e-con-full e-flex wpr-particle-no wpr-jarallax-no wpr-parallax-no wpr-sticky-section-no e-con e-child\" data-id=\"2d35344\" data-element_type=\"container\">\n\t\t\t\t<div class=\"elementor-element elementor-element-d0a22dd elementor-widget elementor-widget-image\" data-id=\"d0a22dd\" data-element_type=\"widget\" data-widget_type=\"image.default\">\n\t\t\t\t\t\t\t\t\t\t\t\t\t\t\t<img decoding=\"async\" width=\"500\" height=\"58\" src=\"https:\/\/www.brisanet.com.br\/ofertas-especiais\/wp-content\/uploads\/2025\/03\/Logo-Brisanet-4g-5g-2.webp\" class=\"attachment-full size-full wp-image-781\" alt=\"\" srcset=\"https:\/\/www.brisanet.com.br\/ofertas-especiais\/wp-content\/uploads\/2025\/03\/Logo-Brisanet-4g-5g-2.webp 500w, https:\/\/www.brisanet.com.br\/ofertas-especiais\/wp-content\/uploads\/2025\/03\/Logo-Brisanet-4g-5g-2-300x35.webp 300w\" sizes=\"(max-width: 500px) 100vw, 500px\" \/>\t\t\t\t\t\t\t\t\t\t\t\t\t\t\t<\/div>\n\t\t<div class=\"elementor-element elementor-element-77a5bc2 e-con-full e-flex wpr-particle-no wpr-jarallax-no wpr-parallax-no wpr-sticky-section-no e-con e-child\" data-id=\"77a5bc2\" data-element_type=\"container\">\n\t\t\t\t<div class=\"elementor-element elementor-element-4d667d0 elementor-widget elementor-widget-html\" data-id=\"4d667d0\" data-element_type=\"widget\" data-widget_type=\"html.default\">\n\t\t\t\t\t<div class=\"elementor-element elementor-element-86f1bed elementor-align-center elementor-widget__width-inherit elementor-hidden-mobile elementor-widget elementor-widget-button\" data-id=\"86f1bed\" data-element_type=\"widget\" data-widget_type=\"button.default\">\r\n\t\t\t\t\t\t\t\t\t\t<a class=\"elementor-button elementor-button-link elementor-size-sm\" href=\"https:\/\/wa.me\/558487868424\">\r\n\t\t\t\t\t\t<span class=\"elementor-button-content-wrapper\">\r\n\t\t\t\t\t\t\t\t\t<span class=\"elementor-button-text\">Assine pelo Whats<\/span>\r\n\t\t\t\t\t<\/span>\r\n\t\t\t\t\t<\/a>\r\n\t\t\t\t\t\t\t\t<\/div>\t\t\t\t<\/div>\n\t\t\t\t<div class=\"elementor-element elementor-element-86f1bed elementor-align-center elementor-widget__width-inherit elementor-hidden-mobile elementor-widget elementor-widget-button\" data-id=\"86f1bed\" data-element_type=\"widget\" data-widget_type=\"button.default\">\n\t\t\t\t\t\t\t\t\t\t<a class=\"elementor-button elementor-button-link elementor-size-sm\" href=\"tel:0800%20287%203021\">\n\t\t\t\t\t\t<span class=\"elementor-button-content-wrapper\">\n\t\t\t\t\t\t\t\t\t<span class=\"elementor-button-text\">0800 287 3021<\/span>\n\t\t\t\t\t<\/span>\n\t\t\t\t\t<\/a>\n\t\t\t\t\t\t\t\t<\/div>\n\t\t\t\t<\/div>\n\t\t\t\t<\/div>\n\t\t<div class=\"elementor-element elementor-element-268ae40 e-con-full e-flex wpr-particle-no wpr-jarallax-no wpr-parallax-no wpr-sticky-section-no e-con e-child\" data-id=\"268ae40\" data-element_type=\"container\">\n\t\t\t\t<div class=\"elementor-element elementor-element-853de4c elementor-widget elementor-widget-image\" data-id=\"853de4c\" data-element_type=\"widget\" data-widget_type=\"image.default\">\n\t\t\t\t\t\t\t\t\t\t\t\t\t\t\t<img fetchpriority=\"high\" decoding=\"async\" width=\"576\" height=\"1024\" src=\"https:\/\/www.brisanet.com.br\/ofertas-especiais\/wp-content\/uploads\/2026\/02\/Voce-no-Controle-Story-eSIM-30GB-R-3999-576x1024.png\" class=\"attachment-large size-large wp-image-4204\" alt=\"\" srcset=\"https:\/\/www.brisanet.com.br\/ofertas-especiais\/wp-content\/uploads\/2026\/02\/Voce-no-Controle-Story-eSIM-30GB-R-3999-576x1024.png 576w, https:\/\/www.brisanet.com.br\/ofertas-especiais\/wp-content\/uploads\/2026\/02\/Voce-no-Controle-Story-eSIM-30GB-R-3999-169x300.png 169w, https:\/\/www.brisanet.com.br\/ofertas-especiais\/wp-content\/uploads\/2026\/02\/Voce-no-Controle-Story-eSIM-30GB-R-3999-768x1365.png 768w, https:\/\/www.brisanet.com.br\/ofertas-especiais\/wp-content\/uploads\/2026\/02\/Voce-no-Controle-Story-eSIM-30GB-R-3999-864x1536.png 864w, https:\/\/www.brisanet.com.br\/ofertas-especiais\/wp-content\/uploads\/2026\/02\/Voce-no-Controle-Story-eSIM-30GB-R-3999.png 1080w\" sizes=\"(max-width: 576px) 100vw, 576px\" \/>\t\t\t\t\t\t\t\t\t\t\t\t\t\t\t<\/div>\n\t\t\t\t<div class=\"elementor-element elementor-element-b5c4352 elementor-widget elementor-widget-html\" data-id=\"b5c4352\" data-element_type=\"widget\" data-widget_type=\"html.default\">\n\t\t\t\t\t<div class=\"elementor-element elementor-element-ac1d298 elementor-align-center elementor-widget__width-inherit elementor-hidden-desktop elementor-hidden-tablet elementor-widget elementor-widget-button\" data-id=\"ac1d298\" data-element_type=\"widget\" data-widget_type=\"button.default\">\r\n\t\t\t\t\t\t\t\t\t\t<a class=\"elementor-button elementor-button-link elementor-size-sm\" href=\"https:\/\/wa.me\/558487868424\">\r\n\t\t\t\t\t\t<span class=\"elementor-button-content-wrapper\">\r\n\t\t\t\t\t\t\t\t\t<span class=\"elementor-button-text\">Assine pelo Whats<\/span>\r\n\t\t\t\t\t<\/span>\r\n\t\t\t\t\t<\/a>\r\n\t\t\t\t\t\t\t\t<\/div>\t\t\t\t<\/div>\n\t\t\t\t<div class=\"elementor-element elementor-element-ac1d298 elementor-align-center elementor-widget__width-inherit elementor-hidden-desktop elementor-hidden-tablet elementor-widget elementor-widget-button\" data-id=\"ac1d298\" data-element_type=\"widget\" data-widget_type=\"button.default\">\n\t\t\t\t\t\t\t\t\t\t<a class=\"elementor-button elementor-button-link elementor-size-sm\" href=\"tel:0800%20287%203021\">\n\t\t\t\t\t\t<span class=\"elementor-button-content-wrapper\">\n\t\t\t\t\t\t\t\t\t<span class=\"elementor-button-text\">0800 287 3021<\/span>\n\t\t\t\t\t<\/span>\n\t\t\t\t\t<\/a>\n\t\t\t\t\t\t\t\t<\/div>\n\t\t\t\t<\/div>\n\t\t\t\t\t<\/div>\n\t\t\t\t<\/div>\n\t\t<div class=\"elementor-element elementor-element-a4c03c3 e-flex e-con-boxed wpr-particle-no wpr-jarallax-no wpr-parallax-no wpr-sticky-section-no e-con e-parent\" data-id=\"a4c03c3\" data-element_type=\"container\" data-settings=\"{&quot;background_background&quot;:&quot;classic&quot;}\">\n\t\t\t\t\t<div class=\"e-con-inner\">\n\t\t<div class=\"elementor-element elementor-element-bc8ed98 e-con-full e-flex wpr-particle-no wpr-jarallax-no wpr-parallax-no wpr-sticky-section-no e-con e-child\" data-id=\"bc8ed98\" data-element_type=\"container\">\n\t\t\t\t<div class=\"elementor-element elementor-element-a3b1ff7 elementor-widget elementor-widget-heading\" data-id=\"a3b1ff7\" data-element_type=\"widget\" data-widget_type=\"heading.default\">\n\t\t\t\t\t<p class=\"elementor-heading-title elementor-size-default\"><b>Nossos canais de atendimento<\/b><\/p>\t\t\t\t<\/div>\n\t\t\t\t<div class=\"elementor-element elementor-element-90f7ece elementor-widget elementor-widget-heading\" data-id=\"90f7ece\" data-element_type=\"widget\" data-widget_type=\"heading.default\">\n\t\t\t\t\t<p class=\"elementor-heading-title elementor-size-default\">Esses s\u00e3o nossos canais de telefone. Se preferir, <b>tamb\u00e9m ligamos para voc\u00ea<\/b>! <br> \nSAC <b>10517<\/b> \n\nOUVIDORIA <b>0800 281 4000<\/b><\/p>\t\t\t\t<\/div>\n\t\t\t\t<div class=\"elementor-element elementor-element-4942948 elementor-widget elementor-widget-heading\" data-id=\"4942948\" data-element_type=\"widget\" data-widget_type=\"heading.default\">\n\t\t\t\t\t<p class=\"elementor-heading-title elementor-size-default\">Consulte o regulamento completo em https:\/\/www.brisanet.com.br\/regulamentos-e-contratos<\/p>\t\t\t\t<\/div>\n\t\t\t\t<\/div>\n\t\t\t\t\t<\/div>\n\t\t\t\t<\/div>\n\t\t<div class=\"elementor-element elementor-element-0206fed e-flex e-con-boxed wpr-particle-no wpr-jarallax-no wpr-parallax-no wpr-sticky-section-no e-con e-parent\" data-id=\"0206fed\" data-element_type=\"container\" data-settings=\"{&quot;background_background&quot;:&quot;classic&quot;}\">\n\t\t\t\t\t<div class=\"e-con-inner\">\n\t\t<div class=\"elementor-element elementor-element-c075f76 e-con-full e-flex wpr-particle-no wpr-jarallax-no wpr-parallax-no wpr-sticky-section-no e-con e-child\" data-id=\"c075f76\" data-element_type=\"container\">\n\t\t\t\t<div class=\"elementor-element elementor-element-03e497e elementor-widget elementor-widget-image\" data-id=\"03e497e\" data-element_type=\"widget\" data-widget_type=\"image.default\">\n\t\t\t\t\t\t\t\t\t\t\t\t\t\t\t<img decoding=\"async\" width=\"1024\" height=\"188\" src=\"https:\/\/www.brisanet.com.br\/ofertas-especiais\/wp-content\/uploads\/2025\/02\/Logo-da-brisanet-1024x188.png\" class=\"attachment-large size-large wp-image-247\" alt=\"\" srcset=\"https:\/\/www.brisanet.com.br\/ofertas-especiais\/wp-content\/uploads\/2025\/02\/Logo-da-brisanet-1024x188.png 1024w, https:\/\/www.brisanet.com.br\/ofertas-especiais\/wp-content\/uploads\/2025\/02\/Logo-da-brisanet-300x55.png 300w, https:\/\/www.brisanet.com.br\/ofertas-especiais\/wp-content\/uploads\/2025\/02\/Logo-da-brisanet-768x141.png 768w, https:\/\/www.brisanet.com.br\/ofertas-especiais\/wp-content\/uploads\/2025\/02\/Logo-da-brisanet-1536x281.png 1536w, https:\/\/www.brisanet.com.br\/ofertas-especiais\/wp-content\/uploads\/2025\/02\/Logo-da-brisanet.png 1845w\" sizes=\"(max-width: 1024px) 100vw, 1024px\" \/>\t\t\t\t\t\t\t\t\t\t\t\t\t\t\t<\/div>\n\t\t\t\t<\/div>\n\t\t<div class=\"elementor-element elementor-element-e828904 e-con-full e-flex wpr-particle-no wpr-jarallax-no wpr-parallax-no wpr-sticky-section-no e-con e-child\" data-id=\"e828904\" data-element_type=\"container\">\n\t\t\t\t<div class=\"elementor-element elementor-element-699ab1b elementor-widget elementor-widget-image\" data-id=\"699ab1b\" data-element_type=\"widget\" data-widget_type=\"image.default\">\n\t\t\t\t\t\t\t\t\t\t\t\t\t\t\t<img loading=\"lazy\" decoding=\"async\" width=\"64\" height=\"64\" src=\"https:\/\/www.brisanet.com.br\/ofertas-especiais\/wp-content\/uploads\/2025\/02\/m84zlfme7d.png\" class=\"attachment-large size-large wp-image-339\" alt=\"\" \/>\t\t\t\t\t\t\t\t\t\t\t\t\t\t\t<\/div>\n\t\t\t\t<div class=\"elementor-element elementor-element-9e9dcc9 elementor-widget elementor-widget-image\" data-id=\"9e9dcc9\" data-element_type=\"widget\" data-widget_type=\"image.default\">\n\t\t\t\t\t\t\t\t\t\t\t\t\t\t\t<img loading=\"lazy\" decoding=\"async\" width=\"64\" height=\"64\" src=\"https:\/\/www.brisanet.com.br\/ofertas-especiais\/wp-content\/uploads\/2025\/02\/mh6o83n64k.png\" class=\"attachment-large size-large wp-image-338\" alt=\"\" \/>\t\t\t\t\t\t\t\t\t\t\t\t\t\t\t<\/div>\n\t\t\t\t<\/div>\n\t\t<div class=\"elementor-element elementor-element-19e1eda e-con-full e-flex wpr-particle-no wpr-jarallax-no wpr-parallax-no wpr-sticky-section-no e-con e-child\" data-id=\"19e1eda\" data-element_type=\"container\">\n\t\t\t\t<div class=\"elementor-element elementor-element-0d56f3e elementor-widget elementor-widget-text-editor\" data-id=\"0d56f3e\" data-element_type=\"widget\" data-widget_type=\"text-editor.default\">\n\t\t\t\t\t\t\t\t\t<p><u><\/u><a title=\"null\" href=\"https:\/\/www.brisanet.com.br\/centro-de-privacidade?_gl=1*km1lnr*_ga*NDM0MjE0NjYzLjE2NDYyMzI2Mjc.*_ga_88SZEB9ST6*MTY4NDAxNjgzMC4xNTMuMC4xNjg0MDE2ODMwLjYwLjAuMA..\" target=\"null\" rel=\"noopener noreferrer\"><u>Central de Privacidade<\/u><\/a><\/p><p>2025 Brisanet &#8211; Todos os direitos reservados<\/p>\t\t\t\t\t\t\t\t<\/div>\n\t\t\t\t<\/div>\n\t\t\t\t\t<\/div>\n\t\t\t\t<\/div>\n\t\t\t\t<\/div>\n\t\t","protected":false},"excerpt":{"rendered":"<p>Assine pelo Whats 0800 287 3021 Assine pelo Whats 0800 287 3021 Nossos canais de atendimento Esses s\u00e3o nossos canais de telefone. Se preferir, tamb\u00e9m ligamos para voc\u00ea! SAC 10517 OUVIDORIA 0800 281 4000 Consulte o regulamento completo em https:\/\/www.brisanet.com.br\/regulamentos-e-contratos Central de Privacidade 2025 Brisanet &#8211; Todos os direitos reservados<\/p>\n","protected":false},"author":2,"featured_media":0,"parent":0,"menu_order":0,"comment_status":"closed","ping_status":"closed","template":"elementor_canvas","meta":{"_eb_attr":"","om_disable_all_campaigns":false,"footnotes":""},"class_list":["post-837","page","type-page","status-publish","hentry"],"yoast_head":"<!-- This site is optimized with the Yoast SEO plugin v24.5 - https:\/\/yoast.com\/wordpress\/plugins\/seo\/ -->\n<title>5G Solo Pago Janeiro 30GB - Ofertas Especiais<\/title>\n<meta name=\"robots\" content=\"index, follow, max-snippet:-1, max-image-preview:large, max-video-preview:-1\" \/>\n<link rel=\"canonical\" href=\"https:\/\/www.brisanet.com.br\/ofertas-especiais\/5g-solo-30gb-pago-25\/\" \/>\n<meta property=\"og:locale\" content=\"pt_BR\" \/>\n<meta property=\"og:type\" content=\"article\" \/>\n<meta property=\"og:title\" content=\"5G Solo Pago Janeiro 30GB - Ofertas Especiais\" \/>\n<meta property=\"og:description\" content=\"Assine pelo Whats 0800 287 3021 Assine pelo Whats 0800 287 3021 Nossos canais de atendimento Esses s\u00e3o nossos canais de telefone. Se preferir, tamb\u00e9m ligamos para voc\u00ea! SAC 10517 OUVIDORIA 0800 281 4000 Consulte o regulamento completo em https:\/\/www.brisanet.com.br\/regulamentos-e-contratos Central de Privacidade 2025 Brisanet &#8211; Todos os direitos reservados\" \/>\n<meta property=\"og:url\" content=\"https:\/\/www.brisanet.com.br\/ofertas-especiais\/5g-solo-30gb-pago-25\/\" \/>\n<meta property=\"og:site_name\" content=\"Ofertas Especiais\" \/>\n<meta property=\"article:modified_time\" content=\"2026-02-25T19:25:04+00:00\" \/>\n<meta property=\"og:image\" content=\"https:\/\/www.brisanet.com.br\/ofertas-especiais\/wp-content\/uploads\/2025\/03\/Logo-Brisanet-4g-5g-2.webp\" \/>\n\t<meta property=\"og:image:width\" content=\"500\" \/>\n\t<meta property=\"og:image:height\" content=\"58\" \/>\n\t<meta property=\"og:image:type\" content=\"image\/webp\" \/>\n<meta name=\"twitter:card\" content=\"summary_large_image\" \/>\n<script type=\"application\/ld+json\" class=\"yoast-schema-graph\">{\"@context\":\"https:\/\/schema.org\",\"@graph\":[{\"@type\":\"WebPage\",\"@id\":\"https:\/\/www.brisanet.com.br\/ofertas-especiais\/5g-solo-30gb-pago-25\/\",\"url\":\"https:\/\/www.brisanet.com.br\/ofertas-especiais\/5g-solo-30gb-pago-25\/\",\"name\":\"5G Solo Pago Janeiro 30GB - Ofertas Especiais\",\"isPartOf\":{\"@id\":\"https:\/\/www.brisanet.com.br\/ofertas-especiais\/#website\"},\"primaryImageOfPage\":{\"@id\":\"https:\/\/www.brisanet.com.br\/ofertas-especiais\/5g-solo-30gb-pago-25\/#primaryimage\"},\"image\":{\"@id\":\"https:\/\/www.brisanet.com.br\/ofertas-especiais\/5g-solo-30gb-pago-25\/#primaryimage\"},\"thumbnailUrl\":\"https:\/\/www.brisanet.com.br\/ofertas-especiais\/wp-content\/uploads\/2025\/03\/Logo-Brisanet-4g-5g-2.webp\",\"datePublished\":\"2025-03-26T21:19:20+00:00\",\"dateModified\":\"2026-02-25T19:25:04+00:00\",\"breadcrumb\":{\"@id\":\"https:\/\/www.brisanet.com.br\/ofertas-especiais\/5g-solo-30gb-pago-25\/#breadcrumb\"},\"inLanguage\":\"pt-BR\",\"potentialAction\":[{\"@type\":\"ReadAction\",\"target\":[\"https:\/\/www.brisanet.com.br\/ofertas-especiais\/5g-solo-30gb-pago-25\/\"]}]},{\"@type\":\"ImageObject\",\"inLanguage\":\"pt-BR\",\"@id\":\"https:\/\/www.brisanet.com.br\/ofertas-especiais\/5g-solo-30gb-pago-25\/#primaryimage\",\"url\":\"https:\/\/www.brisanet.com.br\/ofertas-especiais\/wp-content\/uploads\/2025\/03\/Logo-Brisanet-4g-5g-2.webp\",\"contentUrl\":\"https:\/\/www.brisanet.com.br\/ofertas-especiais\/wp-content\/uploads\/2025\/03\/Logo-Brisanet-4g-5g-2.webp\",\"width\":500,\"height\":58},{\"@type\":\"BreadcrumbList\",\"@id\":\"https:\/\/www.brisanet.com.br\/ofertas-especiais\/5g-solo-30gb-pago-25\/#breadcrumb\",\"itemListElement\":[{\"@type\":\"ListItem\",\"position\":1,\"name\":\"In\u00edcio\",\"item\":\"https:\/\/www.brisanet.com.br\/ofertas-especiais\/\"},{\"@type\":\"ListItem\",\"position\":2,\"name\":\"5G Solo Pago Janeiro 30GB\"}]},{\"@type\":\"WebSite\",\"@id\":\"https:\/\/www.brisanet.com.br\/ofertas-especiais\/#website\",\"url\":\"https:\/\/www.brisanet.com.br\/ofertas-especiais\/\",\"name\":\"Ofertas Especiais\",\"description\":\"\",\"publisher\":{\"@id\":\"https:\/\/www.brisanet.com.br\/ofertas-especiais\/#organization\"},\"potentialAction\":[{\"@type\":\"SearchAction\",\"target\":{\"@type\":\"EntryPoint\",\"urlTemplate\":\"https:\/\/www.brisanet.com.br\/ofertas-especiais\/?s={search_term_string}\"},\"query-input\":{\"@type\":\"PropertyValueSpecification\",\"valueRequired\":true,\"valueName\":\"search_term_string\"}}],\"inLanguage\":\"pt-BR\"},{\"@type\":\"Organization\",\"@id\":\"https:\/\/www.brisanet.com.br\/ofertas-especiais\/#organization\",\"name\":\"Ofertas Especiais\",\"url\":\"https:\/\/www.brisanet.com.br\/ofertas-especiais\/\",\"logo\":{\"@type\":\"ImageObject\",\"inLanguage\":\"pt-BR\",\"@id\":\"https:\/\/www.brisanet.com.br\/ofertas-especiais\/#\/schema\/logo\/image\/\",\"url\":\"https:\/\/www.brisanet.com.br\/ofertas-especiais\/wp-content\/uploads\/2025\/02\/favicon-brisanet.webp\",\"contentUrl\":\"https:\/\/www.brisanet.com.br\/ofertas-especiais\/wp-content\/uploads\/2025\/02\/favicon-brisanet.webp\",\"width\":512,\"height\":512,\"caption\":\"Ofertas Especiais\"},\"image\":{\"@id\":\"https:\/\/www.brisanet.com.br\/ofertas-especiais\/#\/schema\/logo\/image\/\"}}]}<\/script>\n<!-- \/ Yoast SEO plugin. -->","yoast_head_json":{"title":"5G Solo Pago Janeiro 30GB - Ofertas Especiais","robots":{"index":"index","follow":"follow","max-snippet":"max-snippet:-1","max-image-preview":"max-image-preview:large","max-video-preview":"max-video-preview:-1"},"canonical":"https:\/\/www.brisanet.com.br\/ofertas-especiais\/5g-solo-30gb-pago-25\/","og_locale":"pt_BR","og_type":"article","og_title":"5G Solo Pago Janeiro 30GB - Ofertas Especiais","og_description":"Assine pelo Whats 0800 287 3021 Assine pelo Whats 0800 287 3021 Nossos canais de atendimento Esses s\u00e3o nossos canais de telefone. Se preferir, tamb\u00e9m ligamos para voc\u00ea! SAC 10517 OUVIDORIA 0800 281 4000 Consulte o regulamento completo em https:\/\/www.brisanet.com.br\/regulamentos-e-contratos Central de Privacidade 2025 Brisanet &#8211; Todos os direitos reservados","og_url":"https:\/\/www.brisanet.com.br\/ofertas-especiais\/5g-solo-30gb-pago-25\/","og_site_name":"Ofertas Especiais","article_modified_time":"2026-02-25T19:25:04+00:00","og_image":[{"width":500,"height":58,"url":"https:\/\/www.brisanet.com.br\/ofertas-especiais\/wp-content\/uploads\/2025\/03\/Logo-Brisanet-4g-5g-2.webp","type":"image\/webp"}],"twitter_card":"summary_large_image","schema":{"@context":"https:\/\/schema.org","@graph":[{"@type":"WebPage","@id":"https:\/\/www.brisanet.com.br\/ofertas-especiais\/5g-solo-30gb-pago-25\/","url":"https:\/\/www.brisanet.com.br\/ofertas-especiais\/5g-solo-30gb-pago-25\/","name":"5G Solo Pago Janeiro 30GB - Ofertas Especiais","isPartOf":{"@id":"https:\/\/www.brisanet.com.br\/ofertas-especiais\/#website"},"primaryImageOfPage":{"@id":"https:\/\/www.brisanet.com.br\/ofertas-especiais\/5g-solo-30gb-pago-25\/#primaryimage"},"image":{"@id":"https:\/\/www.brisanet.com.br\/ofertas-especiais\/5g-solo-30gb-pago-25\/#primaryimage"},"thumbnailUrl":"https:\/\/www.brisanet.com.br\/ofertas-especiais\/wp-content\/uploads\/2025\/03\/Logo-Brisanet-4g-5g-2.webp","datePublished":"2025-03-26T21:19:20+00:00","dateModified":"2026-02-25T19:25:04+00:00","breadcrumb":{"@id":"https:\/\/www.brisanet.com.br\/ofertas-especiais\/5g-solo-30gb-pago-25\/#breadcrumb"},"inLanguage":"pt-BR","potentialAction":[{"@type":"ReadAction","target":["https:\/\/www.brisanet.com.br\/ofertas-especiais\/5g-solo-30gb-pago-25\/"]}]},{"@type":"ImageObject","inLanguage":"pt-BR","@id":"https:\/\/www.brisanet.com.br\/ofertas-especiais\/5g-solo-30gb-pago-25\/#primaryimage","url":"https:\/\/www.brisanet.com.br\/ofertas-especiais\/wp-content\/uploads\/2025\/03\/Logo-Brisanet-4g-5g-2.webp","contentUrl":"https:\/\/www.brisanet.com.br\/ofertas-especiais\/wp-content\/uploads\/2025\/03\/Logo-Brisanet-4g-5g-2.webp","width":500,"height":58},{"@type":"BreadcrumbList","@id":"https:\/\/www.brisanet.com.br\/ofertas-especiais\/5g-solo-30gb-pago-25\/#breadcrumb","itemListElement":[{"@type":"ListItem","position":1,"name":"In\u00edcio","item":"https:\/\/www.brisanet.com.br\/ofertas-especiais\/"},{"@type":"ListItem","position":2,"name":"5G Solo Pago Janeiro 30GB"}]},{"@type":"WebSite","@id":"https:\/\/www.brisanet.com.br\/ofertas-especiais\/#website","url":"https:\/\/www.brisanet.com.br\/ofertas-especiais\/","name":"Ofertas Especiais","description":"","publisher":{"@id":"https:\/\/www.brisanet.com.br\/ofertas-especiais\/#organization"},"potentialAction":[{"@type":"SearchAction","target":{"@type":"EntryPoint","urlTemplate":"https:\/\/www.brisanet.com.br\/ofertas-especiais\/?s={search_term_string}"},"query-input":{"@type":"PropertyValueSpecification","valueRequired":true,"valueName":"search_term_string"}}],"inLanguage":"pt-BR"},{"@type":"Organization","@id":"https:\/\/www.brisanet.com.br\/ofertas-especiais\/#organization","name":"Ofertas Especiais","url":"https:\/\/www.brisanet.com.br\/ofertas-especiais\/","logo":{"@type":"ImageObject","inLanguage":"pt-BR","@id":"https:\/\/www.brisanet.com.br\/ofertas-especiais\/#\/schema\/logo\/image\/","url":"https:\/\/www.brisanet.com.br\/ofertas-especiais\/wp-content\/uploads\/2025\/02\/favicon-brisanet.webp","contentUrl":"https:\/\/www.brisanet.com.br\/ofertas-especiais\/wp-content\/uploads\/2025\/02\/favicon-brisanet.webp","width":512,"height":512,"caption":"Ofertas Especiais"},"image":{"@id":"https:\/\/www.brisanet.com.br\/ofertas-especiais\/#\/schema\/logo\/image\/"}}]}},"_links":{"self":[{"href":"https:\/\/www.brisanet.com.br\/ofertas-especiais\/wp-json\/wp\/v2\/pages\/837","targetHints":{"allow":["GET"]}}],"collection":[{"href":"https:\/\/www.brisanet.com.br\/ofertas-especiais\/wp-json\/wp\/v2\/pages"}],"about":[{"href":"https:\/\/www.brisanet.com.br\/ofertas-especiais\/wp-json\/wp\/v2\/types\/page"}],"author":[{"embeddable":true,"href":"https:\/\/www.brisanet.com.br\/ofertas-especiais\/wp-json\/wp\/v2\/users\/2"}],"replies":[{"embeddable":true,"href":"https:\/\/www.brisanet.com.br\/ofertas-especiais\/wp-json\/wp\/v2\/comments?post=837"}],"version-history":[{"count":55,"href":"https:\/\/www.brisanet.com.br\/ofertas-especiais\/wp-json\/wp\/v2\/pages\/837\/revisions"}],"predecessor-version":[{"id":4217,"href":"https:\/\/www.brisanet.com.br\/ofertas-especiais\/wp-json\/wp\/v2\/pages\/837\/revisions\/4217"}],"wp:attachment":[{"href":"https:\/\/www.brisanet.com.br\/ofertas-especiais\/wp-json\/wp\/v2\/media?parent=837"}],"curies":[{"name":"wp","href":"https:\/\/api.w.org\/{rel}","templated":true}]}}